s digit of q?
5
Let j(r) = -34*r**3 - r**2 - 2*r + 1. Let m be j(1). Let y = -43 - m. Let o(g) = -14*g - 24. What is the tens digit of o(y)?
7
Suppose g - 2*s = 3*g - 854, 2*g - 839 = -5*s. Suppose 4*b + g = 5*y, 4*b + y - 5*y + 432 = 0. Let z = b + 208. What is the units digit of z?
0
Let c = 73295 + -41938. What is the units digit of c?
7
Let u(w) be the first derivative of -9/2*w**2 + 8/3*w**3 + 6*w - 4 + 1/4*w**4. What is the units digit of u(-7)?
8
Suppose 0 = 3*w - 7*w - 680. Let x = 204 - 290. Let b = x - w. What is the units digit of b?
4
Let c(n) = 3*n**3 - 4*n**2 + 1326 + n - 7*n**3 - 1320. What is the units digit of c(-5)?
1
What is the thousands digit of (-3)/2*(419235/(-380))/(18/64)?
5
Suppose c - 5*x - 2 = -2*x, -5*x = -4*c + 22. Let a = c + 86. Let j = a - 58. What is the tens digit of j?
3
Suppose -3*c = -0*c + 4665. Let y = -862 - c. What is the units digit of y?
3
Let k(i) = -7388*i + 3033. What is the tens digit of k(-7)?
4
Suppose -1765 = -5*s - 5*g, -30*s + 3*g = -32*s + 705. What is the tens digit of s?
5
Let m(u) = u**2 - 24*u - 25 + 39*u - 22*u. Let o be m(10). Let l(h) = 11*h + 11. What is the units digit of l(o)?
6
Suppose 3*c = 5*n + 6*c - 4690, -c = 4*n - 3745. Let f = n - -326. Suppose -4*t - 9*t = -f. What is the tens digit of t?
9
Suppose 907*a - 906*a = 10150. What is the hundreds digit of a?
1
Let a be (-2)/(-2) - (-9 - 0). Let m(r) = 30*r - 10. Let x be m(a). Suppose -10*y - x + 1840 = 0. What is the hundreds digit of y?
1
Suppose 0 = 2*u - 5*l - 21, -2*u + 6*u - 4*l = 24. Suppose 0 = -u*n - 2*n - 50. What is the tens digit of (705/n)/((-2)/(24/9))?
9
Let h(d) be the first derivative of d**4/4 + d**3 - d**2 - 100. Let l = -7 - -4. What is the units digit of h(l)?
6
Let k(o) = 129*o - 675. What is the units digit of k(63)?
2
Let o = 14259 + -9472. What is the thousands digit of o?
4
Suppose 25 = 4*a - 23. Let r = 330 - a. Suppose -3*x - 3*x = -r. What is the tens digit of x?
5
Suppose -911*x = -903*x - 25216. What is the hundreds digit of x?
1
Suppose 0 = -d - 6, 5*r + 186*d - 290994 = 190*d. What is the hundreds digit of r?
1
Suppose 0 = -16*g + 12*g + 28. Suppose 4*h - 17 = -3*t, 0 = -g*h + 2*h + 3*t + 1. Suppose -h*u - u = -291. What is the tens digit of u?
9
Let z = -72 + -2. Let p = z - -155. What is the units digit of p?
1
Let n be 4/20 - (-18)/10. Suppose -d - 3*d = j - 242, 3*d = n*j - 539. Suppose -7*x - y = -4*x - 372, 0 = 2*x - 4*y - j. What is the units digit of x?
5
Let t be -7*((-46)/7 - -6). Suppose a - 481 = k, t*a - k - 1915 = -6*k. What is the tens digit of a?
8
Suppose -14*m - 214 = -16*m. Let o = m + -252. Let k = o - -261. What is the units digit of k?
6
Suppose 105 = -3*f - 4*q, 0*q = -f + 2*q - 35. Let r = 35 - f. What is the units digit of r?
0
Let k = 5700 + 24616. What is the hundreds digit of k?
3
Suppose 5*i - 7*i - 5 = -3*m, -m + 2*i - 5 = 0. Suppose 8275 = m*l + 5*n, 8*l + 1640 = 9*l - 4*n. What is the thousands digit of l?
1
Let g = -425 + 677. Let a = 610 - g. What is the hundreds digit of a?
3
Let l(k) be the third derivative of 3*k**5/4 - k**4/3 + 11*k**3/3 - 42*k**2. What is the tens digit of l(4)?
1
Let w(c) = 22*c + 2. Let a be w(26). Suppose 5*n + f - a = 0, 5*n - 590 = f - 6*f. What is the units digit of n?
4
Let i = 12548 - 9589. What is the units digit of i?
9
Let c(o) = o**3 - 6*o**2 + 4. Let p be c(6). Let r(i) be the second derivative of i**4/6 + i**3/3 + 9*i**2/2 + 254*i - 2. What is the units digit of r(p)?
9
Let z = 268 + -271. What is the tens digit of (-59 + 111)/((6/(-16))/z)?
1
Let w be 465 + 2 + (1 - 5). Let y(n) = -n**2 + 7*n - 5. Let o be y(6). Suppose 5*f + o - 6 = 0, 3*k - 5*f - w = 0. What is the tens digit of k?
5
Let r = 1733 - 2782. Let s = 1887 + r. What is the tens digit of s?
3
Let h(l) = -2*l - 19. Let x be h(-10). Suppose 4*s = t + 13, -4*t - 4*s - x = -3*s. Let k(u) = 64*u**2 + 3*u + 2. What is the units digit of k(t)?
3
Suppose -3*c + 0*c - 172 = -5*o, 4*c + 5*o = -171. Let z = c - -76. Let n = z + -23. What is the units digit of n?
4
Suppose 2*d - 22537 = 3*q, -25*d + 26*d - 11266 = 2*q. What is the tens digit of d?
7
What is the tens digit of (-9339)/(-3) + 2 + -1?
1
Let b be 15/(-8 + 131/16). What is the tens digit of b/15*27 - -6?
5
Let w(l) be the first derivative of 1/3*l**3 - l - 17 - l**2. What is the tens digit of w(8)?
4
Let s = 11877 - -12310. What is the tens digit of s?
8
Suppose 2*c + 2*c - 2368 = -4*q, -1180 = -2*c - 4*q. What is the tens digit of (c/(-55))/(6/(-15))?
2
Let p(w) = w**2 + 20*w + 80. Let q be p(-7). Let x(y) = -14*y + 125. What is the hundreds digit of x(q)?
2
Suppose 0 = 95*k - 94*k - 2. Suppose 101 = 2*s - 3*y, -10 + 0 = k*y. What is the units digit of s?
3
Suppose 0 = -205*x + 236*x - 1456845. What is the units digit of x?
5
Let i(g) = -12*g + 7. Let u = 12 + 11. Suppose -u*h - 15 = -20*h. What is the tens digit of i(h)?
6
Let p = -4999 - -2778. Let a = -1526 - p. What is the units digit of a?
5
Let s = -11928 - -17505. What is the thousands digit of s?
5
What is the thousands digit of (9 - ((-35)/(-15) - -7))*-31383?
0
Let w be 296 + (56/9 - 4/18). What is the tens digit of 1*w*21*(-6)/(-84)?
5
Let t = -7271 + 20335. What is the tens digit of t?
6
Let k = -98 - -697. Suppose 0 = -4*r + 5*r - g - 602, -2*g - k = -r. What is the hundreds digit of r?
6
Suppose -16*x + 15*x = -4. Suppose 10*b - x = 6. What is the hundreds digit of (0 - b - -49)/(4/10)?
1
Let n = 84 - 81. Let l(z) = 11 + 0*z**3 + z**n + 73*z - 59*z - 11*z**2 + 5. What is the units digit of l(10)?
6
Let u(l) = -25*l**3 - 7*l**2 - 32*l - 93. What is the hundreds digit of u(-3)?
6
Let j be (11*1116/(-15))/(129/(-430)). Let c = j + -1766. What is the tens digit of c?
6
Let p = 48266 + -29753. What is the ten thousands digit of p?
1
Let a(k) = -9*k**3 + 11*k**2 + 13. Let v be a(6). Let h = -389 - v. What is the units digit of h?
6
Let j(v) = v**3 - 7*v**2 - 7*v - 10. Let s be j(8). What is the units digit of (4/s)/(94/(-80041))?
3
Let i = -76 + 78. Suppose -4*o = -i*l - 2008, -2*o - o - l + 1496 = 0. Suppose 91*p = 87*p + o. What is the units digit of p?
5
Let s(z) = -2*z**3 + 38*z**2 - 39*z + 56. Let p be s(18). What is the hundreds digit of p*(169/2 - (-2)/4)?
1
Suppose -2*x + 0 = -8. Suppose 1531 = x*b - 165. What is the tens digit of b?
2
Suppose -2*t + 17778 = 4*z - 27972, -45729 = -4*z - 5*t. What is the ten thousands digit of z?
1
Let m = -34 - -554. Suppose -2*s = -228 - m. What is the hundreds digit of s?
3
Let x(n) = n - 119. Let f be x(27). What is the tens digit of f*4/((-128)/24)?
6
Let k(p) = -p**2 + 65*p - 43. Suppose -5*f + 54 = 3*l, -5*l + 29*f = 25*f - 127. What is the hundreds digit of k(l)?
9
Let v = 37814 - 23969. What is the ten thousands digit of v?
1
Let t(v) = -3*v + 5. Let x be t(1). Suppose 2*q = -2*q + 5*w + 2452, x*q + 3*w - 1248 = 0. What is the hundreds digit of q?
6
Suppose 474688 + 10715 = 111*b. What is the units digit of b?
3
Let c be (1/(-7) + 1)*7. Suppose -118*j = -116*j - 3260. Suppose c*l - j = -4*l. What is the units digit of l?
3
Let t(a) be the first derivative of 31*a**2/2 + 126*a + 16. What is the hundreds digit of t(11)?
4
Let h(c) = -5*c + 44. Let w be h(5). Suppose 0*o + 4 = o. Let l = w - o. What is the tens digit of l?
1
Let k be (84/(-126))/((-4)/9894). Suppose -1095 = -2*a + y, -a - 2*a = 5*y - k. What is the hundreds digit of a?
5
Let k = -48198 - -75761. What is the hundreds digit of k?
5
Suppose -230*x - 66652 + 1160624 = 115092. What is the tens digit of x?
5
Let x be (1 - (-20)/(-12))*108/(-24). Let c(y) be the first derivative of 5*y**4/4 - 2*y**3/3 + y**2/2 + 7*y + 5. What is the tens digit of c(x)?
2
Suppose 10*c - 5*c + 3*x = 2680, 0 = 4*c - x - 2127. Suppose -q + 2*d + d = -254, -2*q + d = -c. What is the hundreds digit of q?
2
Suppose -2 = -3*y + 4. Let j(o) = -5*o + 0*o - y*o + 0*o - 5*o**2 - o**3 - 14. What is the units digit of j(-5)?
1
Let q(c) = -1039*c - 276. What is the thousands digit of q(-8)?
8
Let h(m) = 8*m**2 - 169*m - 106. What is the thousands digit of h(32)?
2
Let f(b) = 11*b - 7. Let m be f(5). Let o = 674 + -669. What is the tens digit of (-50)/(-20)*(-6)/o + m?
4
Suppose -30*n + 26*n + 191652 = 4*v, 0 = 5*v - 10. What is the units digit of n?
1
Let x = -4229 + 8295. Wh